 Let t be (8/(-16))/((-2)/o). Suppose 3*n = 18 + t. What is the units digit of n?
7
Suppose -r - 3*h + 0*h = -8, -16 = -2*r + 3*h. Suppose -3*d - 5*b + 15 = -r*d, -5*d + 4*b = 12. Suppose d = x - 5. What is the units digit of x?
5
Let g = -2 - -1. Let q = 4 + g. Suppose 0 = -c + u + 3, -3*c + 37 = q*u + 10. What is the units digit of c?
6
Let o(q) = -q**2 + 6*q. Let z be o(3). Suppose 4*c - z = 7. Suppose 35 = 5*s - 3*u + 5*u, -c*s - 4*u = -28. What is the units digit of s?
7
Suppose -q - 3*q = 0. Let j = q - -5. Suppose -j*n = f + 2*f - 25, -5*f = -5*n - 15. What is the units digit of n?
2
Let q be 9*1/((-3)/1). Let h be (2 - -1)/(q/2). Let b = 7 - h. What is the units digit of b?
9
Suppose -7*g + 51 + 537 = 0. What is the tens digit of g?
8
Let m be 20/6 + (-4)/(-6). Let t = 5 - m. What is the units digit of t?
1
Let x(k) = k**3 + 6*k**2 + 5*k + 4. Let c be x(-5). Suppose 0 = -c*r + 22 + 18. What is the tens digit of r?
1
Suppose 626 = 5*n + 126. What is the units digit of n?
0
Suppose -4*v = -7*v + 111. What is the tens digit of v?
3
Let s be (-7)/((-14)/(-4)) + -3. Let w = s + 5. Suppose 5*q - 10 = -w. What is the units digit of q?
2
Let j = -34 - -41. What is the units digit of j?
7
Suppose 0*z - 16 = -4*z. Let m = 8 - z. Suppose -m = 5*i - 34. What is the units digit of i?
6
Suppose 2*n - 389 = -5*v, -6*v - 5*n = -2*v - 318. What is the units digit of v?
7
Suppose -4*t = 5*t - 936. What is the tens digit of t?
0
Let r be 256/14 - 4/14. Let o = -5 + r. What is the tens digit of o?
1
Suppose u - 2*u = -8. Let o(h) = -h**2 - 3*h + 5. Let j be o(-4). Let v = u + j. What is the units digit of v?
9
Let n(o) = 2*o**2 - 3*o + 1. Let w be n(3). Suppose 4*v - 2 = w. Suppose -v*i = -5*i + 10. What is the units digit of i?
5
Suppose 0 = -n - 3*w - 0*w - 28, 5*n + 88 = -2*w. Let a be n/(-4) + 1 + -3. Suppose a*y - 105 = -5*k, -4*k + 3*k + 39 = 4*y. What is the units digit of k?
9
Let p(r) = -7*r + 2. What is the units digit of p(-3)?
3
Let d = -16 - -22. Suppose 3*m - d*m = -30. What is the tens digit of m?
1
Suppose 3*t = 2*j + 76, 5*t + j = 5*j + 128. What is the tens digit of t?
2
Let p(j) be the third derivative of -j**2 + 0*j + j**3 + 0 + 1/24*j**4. What is the units digit of p(-5)?
1
Let d be (-3)/(-2)*4/3. Suppose 0 = 4*a - d - 2. Suppose -2*t + 25 + a = 0. What is the units digit of t?
3
Let q(l) = l + 21. Let z be q(-6). Let n(b) = -9*b**2 + b. Let k be n(-1). What is the units digit of k/4*(-54)/z?
9
Let z(k) = k**3 - 6*k**2 + 19*k + 9. What is the hundreds digit of z(7)?
1
Suppose 3*d - 10 = -58. What is the units digit of 1*2*(-3 - d)?
6
Let p be 5 + (3 + -2)/(-1). Let d(c) = -c**3 + 6*c**2 + 7*c - 10. What is the units digit of d(p)?
0
Suppose 4*l = -30 - 10. What is the units digit of 8/l*5/(-2)?
2
Let i be 25/5*(-6)/(-10). Suppose 2*s = -4*v + 14, 4*s - v - 16 = -i*v. What is the units digit of s?
3
Let j(h) = h**3 - 10*h**2 + 16*h + 8. What is the units digit of j(8)?
8
Suppose 4*f = -5*r + 26, r - 5*f + 26 = 4*r. Let z(l) = -2*l**2 + 4*l - 2. Let n be z(r). What is the units digit of 10 + n + 4 + -4?
8
What is the tens digit of -4*(26/(-8) + -1)?
1
Let u(y) = 2*y + 3*y + 18 - 4*y. Suppose -27 = -3*k + 6*k. What is the units digit of u(k)?
9
Let r = -78 - -115. What is the units digit of r?
7
Let o(g) = 13*g**2 + 5*g - 5. What is the tens digit of o(2)?
5
Let y(u) = -8*u**2 + 2*u + 1. Let m be y(2). Let t = -7 - m. What is the tens digit of t?
2
Let v(r) be the first derivative of -r**3/3 + 7*r**2/2 + 2. What is the units digit of v(3)?
2
Let s(b) be the third derivative of 3*b**4/4 + b**3/3 + 4*b**2. What is the units digit of s(2)?
8
Suppose 44 = -3*z + 122. What is the tens digit of z?
2
Suppose -2 = -2*c + 82. Suppose 2*h + h = c. What is the tens digit of h?
1
Let v = 33 - 21. What is the units digit of v?
2
Suppose 2*r + 4 = 14. Suppose -r*u = -u - 28. What is the units digit of u?
7
Let w(g) = g**3 + 1. Let z(m) = 3*m**3 - 9*m**2 - 7*m + 6. Let q(h) = -2*w(h) + z(h). What is the tens digit of q(10)?
3
What is the units digit of ((-2)/3)/((-4)/156)?
6
Let n(w) = -w**3 - 3*w**2 - 3*w - 3. Suppose 7*y - 9 = 4*y. Suppose u = -0*u - y. What is the units digit of n(u)?
6
Let r(k) = 2*k**2 - 5*k + 2. Let b be r(4). Let o = b + -3. What is the tens digit of o?
1
Let l = -265 - -443. What is the units digit of l?
8
Let p be 1*-2 + 4/2. Suppose -2*k - k + 6 = p. Suppose -k*n + 2 + 24 = 0. What is the tens digit of n?
1
Let w = 27 - 19. What is the units digit of w?
8
Suppose 3*s - 520 = s + 5*a, 0 = 4*s - a - 1058. What is the units digit of s?
5
Let n be (3 + 2)/(2/2). Let q(t) = 4 + 5 + t - 1 - 2*t. What is the units digit of q(n)?
3
Let b be (36 - 2)/((-4)/(-2)). Suppose 4*c - 11 = b. What is the units digit of c?
7
Suppose 11 = 3*l - 7. Let z = -2 - -2. Suppose -4*v - 20 = z, -3*i = -l*v + 3*v - 45. What is the tens digit of i?
1
Let p = -56 + 68. What is the units digit of p?
2
Suppose -5*f + 42 + 103 = 0. What is the units digit of f?
9
Let n = 7 - -76. What is the tens digit of n?
8
Let y(a) = a**3 - a. Let x(p) = p**3 - 8*p**2 - 6*p + 6. Let j(d) = -x(d) + 2*y(d). What is the units digit of j(-7)?
5
Suppose 0 = -2*t + 5*t + 12. Let b be 10/1*2/t. What is the units digit of (-4 - b)*13*1?
3
Let q(a) = 7*a + 73. Let b be q(-10). Suppose 0 = -2*g - 0 + 4. Suppose -g*x + 3*x - 20 = y, -b*x + y = -50. What is the tens digit of x?
1
Let q(i) = 4*i - 5. Let c(r) = -5*r + 5. Let g(o) = -3*c(o) - 4*q(o). Let m be g(3). Let y = m + -1. What is the units digit of y?
1
Suppose 71 = r + l, 5*r - 5*l = -0*r + 355. What is the units digit of r?
1
Let i be 1*(-1 + 1 + -1). Let o = i + 3. Suppose 4*b - 40 = l + 3*l, o*b = 3*l + 24. What is the units digit of b?
6
Suppose 4*l = -0*l + 76. Suppose -5*m + 23 = -32. Let u = l - m. What is the units digit of u?
8
Let s = -199 - -413. What is the tens digit of s?
1
Let j = -61 - -99. Let a be j/6 + 1/(-3). Let g(s) = s + 5. What is the units digit of g(a)?
1
Let k = 11 + -7. What is the units digit of (4/2)/(k/10)?
5
Let u = 1 + -7. Let b be (0/1)/(u + 5). What is the units digit of 3 + 3 + b + 1?
7
Let f(w) = -w. Let n be f(-4). Suppose -k + 6 = u + 4*u, n*k + 3*u - 75 = 0. What is the tens digit of k?
2
Suppose -25 = -2*b + 15. What is the tens digit of b?
2
Let x(m) = 2*m + 11. Let q be x(-8). Let p = 19 + q. What is the units digit of p?
4
Let z = -64 - -94. Suppose 0 = 5*p - 2*y + z - 4, -4*y - 4 = 4*p. What is the units digit of (6/p)/(5/(-10))?
3
Let u = 12 - 13. Let o = u + 23. What is the tens digit of o?
2
Let z(s) = -s**3 - 7*s**2 - 7*s - 5. Let a = 0 - 12. Let v = -18 - a. What is the units digit of z(v)?
1
Let s = 1 + -2. Suppose 0 = 3*z - f + 29, 0 = 2*z + 2*f + 3*f - 9. What is the units digit of s + (-1 - (-2 + z))?
8
Suppose -2*l = 3*l - 25. Suppose -l*x + 12 = -3. Let p = 16 - x. What is the units digit of p?
3
Let x = 2 + 0. Suppose -s - m - 2 = 0, -2*m - x = 8. What is the units digit of (s - 4)*(-6 + -1)?
7
Suppose -a - 5*s + 18 = 0, -s + 3 - 9 = -3*a. Let m = -3 + a. Suppose -v = -4*d + 47, m*v = -3*v - 9. What is the units digit of d?
1
Suppose 5*c - 182 - 83 = 0. Suppose 0 = 5*i + c + 22. Let s = 21 + i. What is the units digit of s?
6
What is the tens digit of -4 - (188/(-6))/(2/6)?
9
Let d(n) = 14*n + 39. Let l(o) = -5*o - 13. Let m(j) = 6*d(j) + 17*l(j). Let y(w) = -2*w + 16. Let z be y(8). What is the tens digit of m(z)?
1
Let b = 0 - -14. Let p(v) = v**3 + 4*v**2 + 1. Let f be p(-3). Let s = b - f. What is the units digit of s?
4
Suppose -4*i + 10 = -214. What is the tens digit of i?
5
Let j = 1187 - 787. What is the tens digit of (24/10)/(24/j)?
4
Let f(a) = 7*a**2 - 8. What is the tens digit of f(-3)?
5
Let h(r) = 4*r**2 + 2*r - 1. Let i be h(1). Suppose -3*o + i*o - 4 = 0. Suppose 5*v - k - 36 = 0, -3*k = -o*v + k. What is the units digit of v?
8
Suppose 2*m - 4*m = 0. Suppose 4*d = 4*s - 96, -2*s + m*s - d + 36 = 0. What is the units digit of s?
0
Let u be 28 - (-1 + 0 + 2). Let c(t) = 3*t**2 - 4*t + 6. Let a be c(4). Let o = a - u. What is the units digit of o?
1
Let z(j) be the third derivative of -j**5/60 - j**4/3 + j**3/3 + j**2. What is the units digit of z(-8)?
2
Let c = -7 + 54. What is the tens digit of c?
4
Suppose 0 = 5*a + 3*i + 14, 0 = a + 3*a - 5*i + 2